?
6
Suppose -5*l + 2*f + 48 = -0*f, l + 3*f - 13 = 0. Let k = l - 4. Let i(c) = c**2 - 4*c - 1. Calculate i(k).
11
Let h(n) = -15*n - 5. Let c(t) be the second derivative of -4*t**3/3 - t**2 + 5*t. Let a(b) = 11*c(b) - 6*h(b). Determine a(-6).
-4
Let s(b) = 1 - 58*b + 37*b + 15 + 2*b**2. Let k(m) = 3*m**2 - 31*m + 24. Let n(c) = -5*k(c) + 7*s(c). Give n(8).
-8
Suppose 11 = 5*n - 134. Suppose 0 = -6*z - 5 + n. Let g(f) = -f**3 + 5*f**2 - 3*f + 1. Calculate g(z).
5
Let w(r) be the third derivative of -r**5/30 + r**4/8 + r**3/6 + r**2. Suppose -5 - 5 = -2*l. Let v be (l - 3)*(-8 + 7). Calculate w(v).
-13
Let y(q) = -q**2 + 17*q + 14. Suppose 102 = 58*m - 52*m. Calculate y(m).
14
Let t(r) be the third derivative of r**6/120 + r**5/10 + r**4/12 - r**3/3 + 90*r**2. What is t(-5)?
13
Let w(y) = -y + 9. Let n(m) = m - 8. Let o(u) = -4*n(u) - 3*w(u). Suppose -5*a - 1 = -11. Let l = a - -3. Determine o(l).
0
Let v(y) = y**2. Let a be v(-2). Suppose 5*u - 5 = 5. Let k(h) = -8*h - 5 - h**u - 8*h + 21*h. What is k(a)?
-1
Let f(k) = -9056 + k + 9056. Let c = 1 + -1. Determine f(c).
0
Let f(d) = 4*d + 8. Let q(g) = -11*g - 24. Let a be 5/(-25) - 16/(-5). Let u(c) = a*q(c) + 8*f(c). Give u(-7).
-1
Let v = -15 - -7. Let h(f) be the third derivative of -f**4/24 - f**3 - 29*f**2. Determine h(v).
2
Let d(z) = -8*z - 100. Let g be d(-13). Let q(w) = -w**2 + 2*w. What is q(g)?
-8
Let j(t) = 11*t - 200. Let r be j(19). Let o(w) = w**3 - 9*w**2 - 4*w + 12. Calculate o(r).
-24
Let d(h) = -5*h - 5. Let m be ((-25)/35)/((-7)/(-49)). Calculate d(m).
20
Let u(i) = -i**3 - 6*i**2 + 2*i - 3. Let y be 56/(-10) + (-232)/580. Calculate u(y).
-15
Let i be 26/(-52) + 34/4 - 5. Let j(r) = -r**2 + 5*r + 1. Give j(i).
7
Let d(m) = -4*m**2 - 10*m - 6. Let b(w) = w**2 + w. Let i(t) = 5*b(t) + d(t). Let z be 4/((-8)/6) + 28. Suppose -5*g + z = -0*g. Give i(g).
-6
Suppose -3*o - 3 + 12 = 0, 5*f - 2*o = 4. Suppose 2*c + f*d = -c - 13, 4*c - 4*d + 24 = 0. Let j(w) = 2 - 3*w - 3*w**3 + 4*w**3 + 4*w**2 + 1. Calculate j(c).
-7
Suppose 4*w - 49 = -21. Let h(b) = -4*b. What is h(w)?
-28
Suppose -i = -5*o - 10 + 33, 0 = 2*o - 3*i - 4. Let g(s) = -111 + o*s - 2*s**2 + 118 + 0*s**2. Calculate g(5).
-18
Let z(k) = -2*k**2 + 11*k - 9. Let m be z(4). Let t(a) = 8 - a + a - 4*a + m*a. Calculate t(-7).
15
Suppose 4*q + 18 = 2*w, q - 36 = 4*q + 3*w. Let l(v) = -v**3 - 6*v**2 + 6*v - 3. Give l(q).
4
Let b(i) = -i**3 - 6*i**2 + 6*i. Let v = -787 - -780. Calculate b(v).
7
Let a(w) = w + 3. Let v(r) = -r - 27. Let l be v(-11). Let i be l/3 - (-12)/9. Give a(i).
-1
Let i(w) = -19*w - 7*w + 25*w + 4 + 2. Give i(-7).
13
Let l(f) be the third derivative of -f**4/24 + 2*f**3 + 149*f**2. Let z = 4 + 5. Determine l(z).
3
Let c(s) = -s - 2. Suppose -4*u + 1 + 7 = 0. Suppose -3*y = u*y. Determine c(y).
-2
Let f(k) = k**3 + 6*k**2 - 3*k - 16. Let h be f(-6). Let i(g) = -11*g**2 - 3*g + 2. Calculate i(h).
-48
Let f(g) = -2*g**2 - 2*g - 3. Suppose -49 = -5*j - d, 2*j + 2*d + 2*d - 16 = 0. Let s be (-2 - j)*(-6)/12. Let t = s + -8. Give f(t).
-7
Let x(o) = -2*o**2 + 5*o + 3. Let z(g) be the second derivative of -g**3 + 11*g**2 + 21*g. Let t be z(3). Calculate x(t).
-9
Let z(q) = 4*q + 10. Let b = 251 + -258. Calculate z(b).
-18
Let v(b) = -4*b**2 - 7 + b**3 - 5*b**2 - 8*b + b**2 + 0. Let g be v(9). Let d(x) = -3*x**g - 2*x + x**2 + 0*x**2 + 3 + x**2. Calculate d(2).
-5
Let n(g) = -g - 1. Suppose -2*k + 5 = 35. Let h be (-3)/9 + -4*k/(-9). Calculate n(h).
6
Let v(i) be the third derivative of i**6/120 + i**5/4 + i**3/6 + 34*i**2. Determine v(-15).
1
Let f(t) be the first derivative of 8*t + 1/3*t**3 - 4*t**2 - 8. Give f(6).
-4
Suppose -6*u + u + 30 = 0. Let j(l) be the third derivative of 4/3*l**3 + 0*l + 1/10*l**5 - 1/120*l**6 - 2*l**2 + 0 - 1/24*l**4. What is j(u)?
2
Let r(o) = -o - 9. Let z = -62 + 36. Let f be (10/(-3))/(z/39). Suppose -f*g + 6 = -4*m - 0, 3*m - g = -10. Determine r(m).
-5
Let p(k) = 0*k**2 + 3 + 16*k - 5*k**2 + 11*k**2 - 8*k**2. Give p(8).
3
Let a(u) = u + 1. Suppose f + 27 = -4*i, -2*f - 36*i = -41*i + 2. Determine a(f).
-10
Let l(n) = -7*n + 17*n - 14*n + 3 + 2*n. Give l(-2).
7
Suppose 3*n = -6*a + 2*a + 269, 2*a = -4*n + 142. Let s(f) = -a - 5*f + 4*f + 29 + 33. Calculate s(8).
-11
Let x(v) = -7*v**2 - v. Suppose -35 = -5*h + 35. Suppose -2*l - 5*n + 11 = -2*n, 2*l - h = -4*n. Determine x(l).
-8
Let u(k) = -k**3 + 16*k**2 + 16*k + 25. Let f = 1384 - 1367. Calculate u(f).
8
Let r(u) = u**2 + 4*u - 7. Let i(s) = 4*s - 3*s + 0*s**2 - s**2 + 7*s - 3. Let f be i(7). Let a be (f + 1)*(-11 + 10). Calculate r(a).
-2
Let m(h) = 36*h - 10*h - 24*h - 1. Determine m(6).
11
Let t(z) be the first derivative of -z**2 + z + 34. Let h(f) = f - 2. Let o be h(0). Calculate t(o).
5
Let q(s) = -7*s + 3. Let m(p) = 13*p - 7. Let r(i) = -6*m(i) - 11*q(i). Determine r(0).
9
Suppose -8*o - 5*q = -10*o + 19, -3*o - 14 = q. Let v(d) = -d**2 - 4*d - 4. Give v(o).
-1
Let m(a) = -a**3 + 9*a**2 + 13*a - 18. Let f be m(10). Suppose -5*q - 2*s = -0*s - 1, -5*s - 7 = 3*q. Let n(v) = -7*v - 3*v + f*v + q. Calculate n(-1).
-1
Let j be ((-1)/3)/((-8)/288). Let r = j + -14. Let p(f) = 3*f**3 + f**2 + f. Give p(r).
-22
Let m(d) = d**2 - 2*d**2 + 7 + 2*d + 3*d. Suppose -2*y - 8 = 0, 48 = -5*t - 2*y + 70. Determine m(t).
1
Let u(y) be the third derivative of 1/24*y**4 + y**2 + 1/3*y**3 + 0*y + 0. Suppose 5*a + 3*o = -30 + 18, 0 = 5*a + o + 4. Give u(a).
2
Let y = 1415 + -1414. Let w(p) = 16*p + 3. Determine w(y).
19
Let r(z) = -38*z + 23*z + 14*z + 1. Determine r(3).
-2
Let i(c) = 45 - 9 - 32*c + 36*c. Give i(-10).
-4
Let k(b) = 3 + 4*b + 10 + 0 + 3. Give k(-12).
-32
Suppose 0 = -2*m + 4*v - 2*v + 6, m = -v + 5. Suppose -6 - 4 = -5*y. Let j(p) = 4*p + p**3 - y*p**3 + 0*p**2 + 3*p**2. Calculate j(m).
0
Let r(a) = a**3 + a**2 + a + 10. Let i = -260 + 260. Give r(i).
10
Let h = 7 + -13. Let s(d) = -34*d**3 + 35*d**3 - 1 - d + 6*d**2 + 1 + 5. Determine s(h).
11
Let g(i) = -12*i**2 + 17*i + 17. Let q(z) = -3*z**2 + 4*z + 4. Let x(f) = 2*g(f) - 9*q(f). Let c(j) = 10*j + 82. Let u be c(-8). Calculate x(u).
6
Suppose w = 4*w - 75. Suppose -6*i - i = -133. Let q = w - i. Let x(u) = u**2 - 7*u + 6. What is x(q)?
0
Let u(v) = v**3 + 3*v**2. Let q be (33/(-9))/(2/(-6)). Let x = q - 1. Let i be 26/(-14) + x/(-70). Determine u(i).
4
Let z(o) be the third derivative of o**5/60 + o**4/12 - o**3/6 + 2*o**2. Suppose a - 138 = -5*l, -3*a + 0*a + 134 = 5*l. Let h = -32 + l. Calculate z(h).
7
Let s(i) = 10*i**3 - i**2. Let q be s(1). Let l = 3 - q. Let a(f) = 7*f - 13*f + 4*f + 3 + 3*f. What is a(l)?
-3
Let q(c) = c + 1. Let d(l) = -l**2 - 65*l - 194. Let v be d(-3). Calculate q(v).
-7
Suppose 35 = 3*q - 5*y, 4*y + 3 = -2*q - 3. Let x(g) be the third derivative of q*g**2 + 1/24*g**4 + 0 - g**3 + 0*g. Give x(5).
-1
Let s be 14*8/(-84) - 22/(-3). Let p(r) = r**3 - 6*r**2 + 3*r - 1. Calculate p(s).
17
Let v(n) = n**3 + 5*n**2 + 2*n. Suppose 4*m - 5*m = -5*m. Let t be (-4)/((-48)/(-15))*(4 - m). Give v(t).
-10
Let p(v) be the first derivative of -v**3/3 - 3*v**2/2 - 5*v - 443. Give p(-7).
-33
Let k(y) be the second derivative of y**5/20 + 7*y**4/4 + y**3/6 + 2*y**2 + 93*y. Calculate k(-21).
-17
Let j(y) be the second derivative of -4*y**3/3 - 710*y - 2. Let i = 1 + 0. Calculate j(i).
-8
Let p = 920 - 915. Let i(k) be the third derivative of 7/24*k**4 + 0*k - p*k**2 + 1/6*k**3 + 0. Determine i(-1).
-6
Let p(v) = v**2 + 6*v - 1. Let u be 94/8 + 1/4. Let y(d) = d**2 - 7*d - 22. Let t be y(9). Let j be (t/u)/(1/15). Determine p(j).
-6
Let x(t) = 3*t**2 - 1. Suppose -6*h = -2*h. Suppose -2 = -m - h. Suppose r - 3*r - 14 = -2*v, 0 = -m*v - 5*r - 21. What is x(v)?
11
Let h(o) = 5*o**3 + 7*o. Let u(x) = -x**3 - x**2 - x + 1. Let z(v) = -h(v) - 6*u(v). Let t = -91 + 85. Give z(t).
0
Let r(g) = 1 - 10 + 5. Let h(i) = i - 16. Let w(d) = -2*h(d) + 9*r(d). What is w(-3)?
2
Let g(a) = 11*a - 35. Let x(t) = 31*t - 103. Let l(u) = 17*g(u) - 6*x(u). Determine l(0).
23
Suppose 0 = d + 3*i - 10, 0 = -4*i + 8*i - 16. Let v be -8 + 6 + (-1 - d) + -5. Let g(z) = -z**3 - 6*z**2 - z - 3. Determine g(v).
3
Let o(y) be the third derivative of y**5/30 - 5*y**4/24 + 2*y**3/3 - 58*y**2. Suppose -2*x - 1 = -7. Let w be o(x). Let b(q) = 2*q - 10. What is b(w)?
4
Let f(w) = -2*w**2 - 3